{"id":393,"date":"2013-06-07T11:28:45","date_gmt":"2013-06-07T11:28:45","guid":{"rendered":"http:\/\/demo2.woothemes.com\/woocommerce\/?post_type=product&#038;p=76"},"modified":"2026-04-27T21:56:11","modified_gmt":"2026-04-28T00:56:11","slug":"woo-ninja-3","status":"publish","type":"product","link":"https:\/\/impertech.com.ar\/index.php\/producto\/woo-ninja-3\/","title":{"rendered":"OXIFLEX"},"content":{"rendered":"<p>Producto formulado para su utilizaci\u00f3n en sistemas de impermeabilizaci\u00f3n en caliente, adhesi\u00f3n de membranas y tomado de juntas de pavimentos r\u00edgidos y articulados.<\/p>\n<p><b>VARIEDADES<\/b><br \/>\n<b>OXIFLEX<\/b><br \/>\nAsfalto Oxidado de aplicaci\u00f3n en caliente. Especialmente formulado para la aplicaci\u00f3n de membranas asf\u00e1lticas en sistemas de impermeabilizaci\u00f3n monocapa y multicapa.<\/p>\n<p><b>OXIFLEX PL\u00c1STICO<\/b><br \/>\nAsfalto Oxidado Pl\u00e1stico de aplicaci\u00f3n en caliente. Formulado para la aplicaci\u00f3n de membranas asf\u00e1lticas en sistemas de impermeabilizaci\u00f3n monocapa y multicapa. Su dise\u00f1o le otorga gran versatilidad para su aplicaci\u00f3n en el tomado de juntas de pavimentos r\u00edgidos y articulados, adem\u00e1s es apto para la aplicaci\u00f3n de membranas asf\u00e1lticas en sistemas de impermeabilizaci\u00f3n monocapa y multicapa.<\/p>\n<p><b>OXIFLEX APP<\/b><br \/>\nAsfalto Modificado con Pol\u00edmeros Plastom\u00e9ricos APP, de aplicaci\u00f3n en caliente. Especialmente formulado para la aplicaci\u00f3n de membranas\u00a0\u00a0 elaboradas con asfalto APP, en sistemas de impermeabilizaci\u00f3n monocapa y multicapa. Exhibe excelentes propiedades de resistencia frente a la radiaci\u00f3n UV, as\u00ed como a las altas temperaturas.<\/p>\n<p><b>OXIFLEX SBS<\/b><br \/>\nAsfalto Modificado con Pol\u00edmeros Elast\u00f3mericos SBS, de aplicaci\u00f3n en caliente. Por sus excelentes propiedades de elasticidad, adherencia y durabilidad es especialmente recomendado para el tomado de juntas de dilataci\u00f3n de pavimentos y estructuras sometidos a bajas temperaturas.<\/p>\n<p><b>APLICACI\u00d3N DEL PRODUCTO<\/b><br \/>\nDado su estado s\u00f3lido a temperatura ambiente, es necesario calentarlo en una caldera para su adecuada aplicaci\u00f3n.<br \/>\nLa temperatura de uso depende de los requerimientos de la obra, pero no deber\u00e1 superar los 200\u00baC.<\/p>\n<p><b>LIMPIEZA DE HERRAMIENTAS<\/b><br \/>\nLavar los utensilios con aguarr\u00e1s o solvente industrial.<\/p>\n","protected":false},"excerpt":{"rendered":"<h3>Asfalto de Aplicaci\u00f3n en Caliente<\/h3>\n<p><b>Presentaciones:<\/b><br \/>\nOXIFLEX \/ 20 kg<br \/>\nOXIFLEX \/ 40 kg<\/p>\n","protected":false},"featured_media":2396,"comment_status":"open","ping_status":"closed","template":"","meta":{"spay_email":""},"class_list":["post-393","product","type-product","status-publish","has-post-thumbnail","hentry","product_cat-drills"],"_links":{"self":[{"href":"https:\/\/impertech.com.ar\/index.php\/wp-json\/wp\/v2\/product\/393","targetHints":{"allow":["GET"]}}],"collection":[{"href":"https:\/\/impertech.com.ar\/index.php\/wp-json\/wp\/v2\/product"}],"about":[{"href":"https:\/\/impertech.com.ar\/index.php\/wp-json\/wp\/v2\/types\/product"}],"replies":[{"embeddable":true,"href":"https:\/\/impertech.com.ar\/index.php\/wp-json\/wp\/v2\/comments?post=393"}],"wp:featuredmedia":[{"embeddable":true,"href":"https:\/\/impertech.com.ar\/index.php\/wp-json\/wp\/v2\/media\/2396"}],"wp:attachment":[{"href":"https:\/\/impertech.com.ar\/index.php\/wp-json\/wp\/v2\/media?parent=393"}],"curies":[{"name":"wp","href":"https:\/\/api.w.org\/{rel}","templated":true}]}}