{"id":3032,"date":"2020-08-28T16:51:47","date_gmt":"2020-08-28T19:51:47","guid":{"rendered":"http:\/\/alnacoriocuarto.esy.es\/?post_type=product&#038;p=3032"},"modified":"2020-08-28T16:53:12","modified_gmt":"2020-08-28T19:53:12","slug":"panel-fachada","status":"publish","type":"product","link":"https:\/\/impertech.com.ar\/index.php\/producto\/panel-fachada\/","title":{"rendered":"Panel Fachada"},"content":{"rendered":"<h3>USOS PRINCIPALES<\/h3>\n<div class=\"col-xs-12\">\n<div class=\"panel-pane pane-entity-field pane-node-field-commons-txt-teaser pane pane-entity-field pane-field_commons_txt_teaser\">\n<div class=\"pane-content\">\n<div class=\"field field-name-field-commons-txt-teaser field-type-text-long field-label-hidden\">\n<div class=\"field-item\">El\u00a0panel Fachada es un panel\u00a0de lana de vidrio ISOVER Hidrorrepelente revestido con velo de vidrio natural lo que le brinda rigid\u00e9z mec\u00e1nica obteniendo gran rapidez\u00a0 en la instalaci\u00f3n.<\/div>\n<\/div>\n<\/div>\n<\/div>\n<\/div>\n<div class=\"col-xs-12\">\n<div class=\"panel-pane pane-panel-product-slider-benefits pane pane-panel-product-slider-benefits\">\n<div class=\"pane-content\">\n<div class=\"row\">\n<div class=\"slider col-xs-12\">\n<div class=\"field field-name-field-product-er-images field-type-entityreference field-label-hidden\">\n<div class=\"bx-wrapper\">\n<div class=\"bx-viewport\">\n<div class=\"field-items isvr-product-slider-processed\">\n<div class=\"field-item odd bx-clone\">\n<div class=\"asset-wrapper asset aid-1286 asset-image default asset-image-width-processed\">\n<div class=\"field field-name-field-asset-image field-type-image field-label-hidden\">\n<div class=\"field-items\"><\/div>\n<\/div>\n<\/div>\n<\/div>\n<\/div>\n<\/div>\n<\/div>\n<\/div>\n<\/div>\n<\/div>\n<\/div>\n<\/div>\n<\/div>\n<ul>\n<li class=\"field-item even\">Rapidez de instalaci\u00f3n.<\/li>\n<li class=\"field-item odd\">Rigidez y estabilidad propia<\/li>\n<li class=\"field-item even\">Alta resistencia t\u00e9rmica<\/li>\n<li class=\"field-item odd\">Bajo coeficiente de conductividad.<\/li>\n<li class=\"field-item even\">Gran elasticidad.<\/li>\n<li class=\"field-item odd\">Seguridad frente al fuego<\/li>\n<li class=\"field-item even\">No necesita tiempo de espera para el emplacado<\/li>\n<li class=\"field-item odd\">No es corrosivo<\/li>\n<li class=\"field-item even\">Mantiene sus propiedades a trav\u00e9s del tiempo.<\/li>\n<\/ul>\n","protected":false},"excerpt":{"rendered":"<p>Es panel Fachada esta especialmente dise\u00f1ado para el aislamiento t\u00e9rmico y ac\u00fastico de fachadas ventiladas como no ventiladas.\u00a0Es un aislamiento que se instala por el exterior, sujeto al muro soporte y luego se lo reviste con \u00a0diversos\u00a0sistemas\u00a0de revestimiento, se deben\u00a0\u00a0utilizar fijaciones y anclajes para aplicarlos sobre el muro de soporte.<\/p>\n","protected":false},"featured_media":3033,"comment_status":"open","ping_status":"closed","template":"","meta":{"spay_email":""},"class_list":["post-3032","product","type-product","status-publish","has-post-thumbnail","hentry","product_cat-isover"],"_links":{"self":[{"href":"https:\/\/impertech.com.ar\/index.php\/wp-json\/wp\/v2\/product\/3032","targetHints":{"allow":["GET"]}}],"collection":[{"href":"https:\/\/impertech.com.ar\/index.php\/wp-json\/wp\/v2\/product"}],"about":[{"href":"https:\/\/impertech.com.ar\/index.php\/wp-json\/wp\/v2\/types\/product"}],"replies":[{"embeddable":true,"href":"https:\/\/impertech.com.ar\/index.php\/wp-json\/wp\/v2\/comments?post=3032"}],"wp:featuredmedia":[{"embeddable":true,"href":"https:\/\/impertech.com.ar\/index.php\/wp-json\/wp\/v2\/media\/3033"}],"wp:attachment":[{"href":"https:\/\/impertech.com.ar\/index.php\/wp-json\/wp\/v2\/media?parent=3032"}],"curies":[{"name":"wp","href":"https:\/\/api.w.org\/{rel}","templated":true}]}}

<h3>USOS PRINCIPALES</h3>
<div class="col-xs-12">
<div class="panel-pane pane-entity-field pane-node-field-commons-txt-teaser pane pane-entity-field pane-field_commons_txt_teaser">
<div class="pane-content">
<div class="field field-name-field-commons-txt-teaser field-type-text-long field-label-hidden">
<div class="field-item">El panel Fachada es un panel de lana de vidrio ISOVER Hidrorrepelente revestido con velo de vidrio natural lo que le brinda rigidéz mecánica obteniendo gran rapidez  en la instalación.</div>
</div>
</div>
</div>
</div>
<div class="col-xs-12">
<div class="panel-pane pane-panel-product-slider-benefits pane pane-panel-product-slider-benefits">
<div class="pane-content">
<div class="row">
<div class="slider col-xs-12">
<div class="field field-name-field-product-er-images field-type-entityreference field-label-hidden">
<div class="bx-wrapper">
<div class="bx-viewport">
<div class="field-items isvr-product-slider-processed">
<div class="field-item odd bx-clone">
<div class="asset-wrapper asset aid-1286 asset-image default asset-image-width-processed">
<div class="field field-name-field-asset-image field-type-image field-label-hidden">
<div class="field-items"></div>
</div>
</div>
</div>
</div>
</div>
</div>
</div>
</div>
</div>
</div>
</div>
</div>
<ul>
<li class="field-item even">Rapidez de instalación.</li>
<li class="field-item odd">Rigidez y estabilidad propia</li>
<li class="field-item even">Alta resistencia térmica</li>
<li class="field-item odd">Bajo coeficiente de conductividad.</li>
<li class="field-item even">Gran elasticidad.</li>
<li class="field-item odd">Seguridad frente al fuego</li>
<li class="field-item even">No necesita tiempo de espera para el emplacado</li>
<li class="field-item odd">No es corrosivo</li>
<li class="field-item even">Mantiene sus propiedades a través del tiempo.</li>
</ul>

<p>Es panel Fachada esta especialmente diseñado para el aislamiento térmico y acústico de fachadas ventiladas como no ventiladas. Es un aislamiento que se instala por el exterior, sujeto al muro soporte y luego se lo reviste con  diversos sistemas de revestimiento, se deben  utilizar fijaciones y anclajes para aplicarlos sobre el muro de soporte.</p>
