{"id":2524,"date":"2020-08-13T11:50:17","date_gmt":"2020-08-13T14:50:17","guid":{"rendered":"http:\/\/alnacoriocuarto.esy.es\/?post_type=product&#038;p=2524"},"modified":"2020-08-13T11:51:31","modified_gmt":"2020-08-13T14:51:31","slug":"adhesivo-instantaneo-liquido","status":"publish","type":"product","link":"https:\/\/impertech.com.ar\/index.php\/producto\/adhesivo-instantaneo-liquido\/","title":{"rendered":"ADHESIVO INSTANT\u00c1NEO L\u00cdQUIDO"},"content":{"rendered":"<p>El Adhesivo Instant\u00e1neo Suprabond pega pr\u00e1cticamente todo tipo de materiales, en pocos segundos.<\/p>\n<p>Es ideal para realizar uniones instant\u00e1neas, resistentes y duraderas bastando con una sola gota para lograr uniones eficaces. Adem\u00e1s, est\u00e1 especialmente dise\u00f1ado para penetrar en espacios reducidos.<\/p>\n","protected":false},"excerpt":{"rendered":"<h3>Presentaciones<\/h3>\n<div>\n<p>Pomo de 2 g.<\/p>\n<\/div>\n","protected":false},"featured_media":2525,"comment_status":"open","ping_status":"closed","template":"","meta":{"spay_email":""},"class_list":["post-2524","product","type-product","status-publish","has-post-thumbnail","hentry","product_cat-saws"],"_links":{"self":[{"href":"https:\/\/impertech.com.ar\/index.php\/wp-json\/wp\/v2\/product\/2524","targetHints":{"allow":["GET"]}}],"collection":[{"href":"https:\/\/impertech.com.ar\/index.php\/wp-json\/wp\/v2\/product"}],"about":[{"href":"https:\/\/impertech.com.ar\/index.php\/wp-json\/wp\/v2\/types\/product"}],"replies":[{"embeddable":true,"href":"https:\/\/impertech.com.ar\/index.php\/wp-json\/wp\/v2\/comments?post=2524"}],"wp:featuredmedia":[{"embeddable":true,"href":"https:\/\/impertech.com.ar\/index.php\/wp-json\/wp\/v2\/media\/2525"}],"wp:attachment":[{"href":"https:\/\/impertech.com.ar\/index.php\/wp-json\/wp\/v2\/media?parent=2524"}],"curies":[{"name":"wp","href":"https:\/\/api.w.org\/{rel}","templated":true}]}}