{"id":2489,"date":"2020-08-13T09:47:25","date_gmt":"2020-08-13T12:47:25","guid":{"rendered":"http:\/\/alnacoriocuarto.esy.es\/?post_type=product&#038;p=2489"},"modified":"2020-08-13T09:48:39","modified_gmt":"2020-08-13T12:48:39","slug":"emacober-geo-pp-polietileno-3-mm","status":"publish","type":"product","link":"https:\/\/impertech.com.ar\/index.php\/producto\/emacober-geo-pp-polietileno-3-mm\/","title":{"rendered":"EMACOBER GEO PP &#8211; POLIETILENO &#8211; 3 MM"},"content":{"rendered":"<p>Las membranas EMAPI de la l\u00ednea EMACOBER GEO P\/P, son desarrollos de alta gama que combinan las excelentes propiedades impermeabilizantes de los asfaltos pl\u00e1sticos normalizados de EMAPI S.A. con los atributos del geotextil de poli\u00e9ster tejido no tejido termofijado de alto gramaje, incorporado como alma central del producto, garantizando seguridad frente a las m\u00e1s exigentes solicitaciones en plegado, tracci\u00f3n, flexi\u00f3n y punzonado. Las terminaciones superior e inferior son de PEAD (polietileno de alta densidad) formulado y producido por la Divisi\u00f3n Pol\u00edmeros de EMAPI S.A.<\/p>\n<p><b>SUPERFICIES BASE DE LA IMPERMEABILIZACI\u00d3N<\/b><br \/>\nLos soportes base de la impermeabilizaci\u00f3n, tanto horizontales como inclinados, de gran pendiente o abovedados, deben estar completamente secos, ser estables y de superficie homog\u00e9nea, as\u00ed como libre de cuerpos extra\u00f1os o punzocortantes y sin restos de aceites, grasas, mamposter\u00eda suelta, hidrocarburos, u otros materiales que puedan evitar la perfecta adherencia de la membrana y afectar la durabilidad de la misma.<br \/>\n<b><br \/>\nGEOTEXTIL DE POLI\u00c9STER<\/b><br \/>\nEl geotextil de poli\u00e9ster es un material cuyas cualidades de flexibilidad, estabilidad dimensional y resistencia a la tracci\u00f3n y al rasgado se transfieren invariablemente a las membranas a las que se integra. Ya sea como alma central o como base de capa de autoprotecci\u00f3n (en membranas transitables), el resultado es un producto cuyos est\u00e1ndares de calidad superan ampliamente las exigencias de las condiciones clim\u00e1ticas m\u00e1s adversas.<\/p>\n","protected":false},"excerpt":{"rendered":"<h3>Membrana No Expuesta No Transitable<\/h3>\n<div><b>Terminaci\u00f3n de Polietileno \/ 3 mm<\/b><br \/>\nLargo del Rollo: 10 m<br \/>\nAncho del Rollo: 1 m<br \/>\nBanda de Soldadura: No lleva<br \/>\nEspesor Nominal: 3 mm<br \/>\nCapa de Terminaci\u00f3n: Polietileno<br \/>\nAlma Central: Geotextil de Poli\u00e9ster<br \/>\nCuerpo: Asfalto Normalizado de Emapi<br \/>\nFilm Antiadherente: PEAD<\/div>\n","protected":false},"featured_media":2490,"comment_status":"open","ping_status":"closed","template":"","meta":{"spay_email":""},"class_list":["post-2489","product","type-product","status-publish","has-post-thumbnail","hentry","product_cat-drills"],"_links":{"self":[{"href":"https:\/\/impertech.com.ar\/index.php\/wp-json\/wp\/v2\/product\/2489","targetHints":{"allow":["GET"]}}],"collection":[{"href":"https:\/\/impertech.com.ar\/index.php\/wp-json\/wp\/v2\/product"}],"about":[{"href":"https:\/\/impertech.com.ar\/index.php\/wp-json\/wp\/v2\/types\/product"}],"replies":[{"embeddable":true,"href":"https:\/\/impertech.com.ar\/index.php\/wp-json\/wp\/v2\/comments?post=2489"}],"wp:featuredmedia":[{"embeddable":true,"href":"https:\/\/impertech.com.ar\/index.php\/wp-json\/wp\/v2\/media\/2490"}],"wp:attachment":[{"href":"https:\/\/impertech.com.ar\/index.php\/wp-json\/wp\/v2\/media?parent=2489"}],"curies":[{"name":"wp","href":"https:\/\/api.w.org\/{rel}","templated":true}]}}