{"id":2470,"date":"2020-08-06T18:37:52","date_gmt":"2020-08-06T21:37:52","guid":{"rendered":"http:\/\/alnacoriocuarto.esy.es\/?post_type=product&#038;p=2470"},"modified":"2020-08-06T18:39:47","modified_gmt":"2020-08-06T21:39:47","slug":"kovertech-gold","status":"publish","type":"product","link":"https:\/\/impertech.com.ar\/index.php\/producto\/kovertech-gold\/","title":{"rendered":"KOVERTECH | GOLD"},"content":{"rendered":"<ul class=\"columns\">\n<li class=\"col-m-6\">\n<p style=\"font-weight: 400;\"><b><strong>Aplicaciones<\/strong><\/b><\/p>\n<ul style=\"font-weight: 400;\">\n<li>Impermeabilizaciones expuestas, no transitables.<\/li>\n<li>Aplicable sobre cualquier tipo de superficies como ser: losas, b\u00f3vedas, techos de chapa galvanizada y fibrocemento, techos planos y abovedados con todo tipo de pendientes.<\/li>\n<li>No aplicable debajo de una carpeta de cemento, cal y arena, ya que el contacto de estos materiales con el aluminio produce oxidaci\u00f3n y deterioro de la membrana.<\/li>\n<\/ul>\n<\/li>\n<li>\n<p style=\"font-weight: 400;\"><b><strong>Ventajas<\/strong><\/b><\/p>\n<ul style=\"font-weight: 400;\">\n<li>Mayor flexibilidad y adaptabilidad.<\/li>\n<li>Mayor elongaci\u00f3n y resistencia mec\u00e1nica.<\/li>\n<li>Gran durabilidad.<\/li>\n<li>Buen comportamiento ante climas adversos.<\/li>\n<li>Reduce la absorci\u00f3n t\u00e9rmica por radiaci\u00f3n solar.<\/li>\n<li>Pueden permanecer expuestas a los rayos U.V.<\/li>\n<\/ul>\n<\/li>\n<\/ul>\n","protected":false},"excerpt":{"rendered":"<p>GOLD<\/p>\n<div class=\"ng-binding\">\n<p style=\"font-weight: 400;\">Membrana constituida por asfaltos pl\u00e1sticos normalizados de primera calidad, refuerzo central de polietileno de alta densidad y con cara superior de aluminio gofrado.<\/p>\n<\/div>\n<p>&nbsp;<\/p>\n","protected":false},"featured_media":2471,"comment_status":"open","ping_status":"closed","template":"","meta":{"spay_email":""},"class_list":["post-2470","product","type-product","status-publish","has-post-thumbnail","hentry","product_cat-hand-tools"],"_links":{"self":[{"href":"https:\/\/impertech.com.ar\/index.php\/wp-json\/wp\/v2\/product\/2470","targetHints":{"allow":["GET"]}}],"collection":[{"href":"https:\/\/impertech.com.ar\/index.php\/wp-json\/wp\/v2\/product"}],"about":[{"href":"https:\/\/impertech.com.ar\/index.php\/wp-json\/wp\/v2\/types\/product"}],"replies":[{"embeddable":true,"href":"https:\/\/impertech.com.ar\/index.php\/wp-json\/wp\/v2\/comments?post=2470"}],"wp:featuredmedia":[{"embeddable":true,"href":"https:\/\/impertech.com.ar\/index.php\/wp-json\/wp\/v2\/media\/2471"}],"wp:attachment":[{"href":"https:\/\/impertech.com.ar\/index.php\/wp-json\/wp\/v2\/media?parent=2470"}],"curies":[{"name":"wp","href":"https:\/\/api.w.org\/{rel}","templated":true}]}}