{"id":2318,"date":"2020-07-24T16:22:02","date_gmt":"2020-07-24T19:22:02","guid":{"rendered":"http:\/\/alnacoriocuarto.esy.es\/?page_id=2318"},"modified":"2020-10-20T16:45:02","modified_gmt":"2020-10-20T19:45:02","slug":"construcciones","status":"publish","type":"page","link":"https:\/\/impertech.com.ar\/index.php\/construcciones\/","title":{"rendered":"Venta y provisi\u00f3n de Asfaltos viales"},"content":{"rendered":"<div id=\"pl-gb2318-69f556382c271\"  class=\"panel-layout\" ><div id=\"pg-gb2318-69f556382c271-0\"  class=\"panel-grid panel-no-style\" ><div id=\"pgc-gb2318-69f556382c271-0-0\"  class=\"panel-grid-cell\" ><div id=\"panel-gb2318-69f556382c271-0-0-0\" class=\"so-panel widget widget_text panel-first-child panel-last-child\" data-index=\"0\" >\t\t\t<div class=\"textwidget\"><ul>\n<li>V<strong>enta y provisi\u00f3n para OBRAS P\u00daBLICAS:<\/strong> destinado a municipios de la provincia de C\u00f3rdoba, provincias del resto del pa\u00eds, como tambi\u00e9n para empresas o comitentes privados<\/li>\n<\/ul>\n<\/div>\n\t\t<\/div><\/div><div id=\"pgc-gb2318-69f556382c271-0-1\"  class=\"panel-grid-cell\" ><div id=\"panel-gb2318-69f556382c271-0-1-0\" class=\"so-panel widget widget_media_gallery panel-first-child panel-last-child\" data-index=\"1\" ><div id='gallery-1' class='gallery galleryid-2318 gallery-columns-2 gallery-size-medium'><figure class='gallery-item'>\n\t\t\t<div class='gallery-icon landscape'>\n\t\t\t\t<a href='https:\/\/impertech.com.ar\/index.php\/construcciones\/121700_1557154925_218\/'><img loading=\"lazy\" decoding=\"async\" width=\"300\" height=\"200\" src=\"https:\/\/impertech.com.ar\/wp-content\/uploads\/2020\/09\/121700_1557154925_218-300x200.jpg\" class=\"attachment-medium size-medium\" alt=\"\" srcset=\"https:\/\/impertech.com.ar\/wp-content\/uploads\/2020\/09\/121700_1557154925_218-300x200.jpg 300w, https:\/\/impertech.com.ar\/wp-content\/uploads\/2020\/09\/121700_1557154925_218-768x512.jpg 768w, https:\/\/impertech.com.ar\/wp-content\/uploads\/2020\/09\/121700_1557154925_218-360x240.jpg 360w, https:\/\/impertech.com.ar\/wp-content\/uploads\/2020\/09\/121700_1557154925_218-555x370.jpg 555w, https:\/\/impertech.com.ar\/wp-content\/uploads\/2020\/09\/121700_1557154925_218-600x400.jpg 600w, https:\/\/impertech.com.ar\/wp-content\/uploads\/2020\/09\/121700_1557154925_218-272x182.jpg 272w, https:\/\/impertech.com.ar\/wp-content\/uploads\/2020\/09\/121700_1557154925_218.jpg 1024w\" sizes=\"auto, (max-width: 300px) 100vw, 300px\" \/><\/a>\n\t\t\t<\/div><\/figure><figure class='gallery-item'>\n\t\t\t<div class='gallery-icon landscape'>\n\t\t\t\t<a href='https:\/\/impertech.com.ar\/index.php\/construcciones\/1565780837_090819_pavimento_riosegundo5\/'><img loading=\"lazy\" decoding=\"async\" width=\"300\" height=\"200\" src=\"https:\/\/impertech.com.ar\/wp-content\/uploads\/2020\/09\/1565780837_090819_Pavimento_RioSegundo5-300x200.jpg\" class=\"attachment-medium size-medium\" alt=\"\" srcset=\"https:\/\/impertech.com.ar\/wp-content\/uploads\/2020\/09\/1565780837_090819_Pavimento_RioSegundo5-300x200.jpg 300w, https:\/\/impertech.com.ar\/wp-content\/uploads\/2020\/09\/1565780837_090819_Pavimento_RioSegundo5-1024x683.jpg 1024w, https:\/\/impertech.com.ar\/wp-content\/uploads\/2020\/09\/1565780837_090819_Pavimento_RioSegundo5-768x512.jpg 768w, https:\/\/impertech.com.ar\/wp-content\/uploads\/2020\/09\/1565780837_090819_Pavimento_RioSegundo5-360x240.jpg 360w, https:\/\/impertech.com.ar\/wp-content\/uploads\/2020\/09\/1565780837_090819_Pavimento_RioSegundo5-555x370.jpg 555w, https:\/\/impertech.com.ar\/wp-content\/uploads\/2020\/09\/1565780837_090819_Pavimento_RioSegundo5-600x400.jpg 600w, https:\/\/impertech.com.ar\/wp-content\/uploads\/2020\/09\/1565780837_090819_Pavimento_RioSegundo5-272x182.jpg 272w, https:\/\/impertech.com.ar\/wp-content\/uploads\/2020\/09\/1565780837_090819_Pavimento_RioSegundo5.jpg 1417w\" sizes=\"auto, (max-width: 300px) 100vw, 300px\" \/><\/a>\n\t\t\t<\/div><\/figure><figure class='gallery-item'>\n\t\t\t<div class='gallery-icon landscape'>\n\t\t\t\t<a href='https:\/\/impertech.com.ar\/index.php\/construcciones\/pavimentacion\/'><img loading=\"lazy\" decoding=\"async\" width=\"300\" height=\"186\" src=\"https:\/\/impertech.com.ar\/wp-content\/uploads\/2020\/09\/pavimentacion-300x186.jpg\" class=\"attachment-medium size-medium\" alt=\"\" srcset=\"https:\/\/impertech.com.ar\/wp-content\/uploads\/2020\/09\/pavimentacion-300x186.jpg 300w, https:\/\/impertech.com.ar\/wp-content\/uploads\/2020\/09\/pavimentacion-1024x634.jpg 1024w, https:\/\/impertech.com.ar\/wp-content\/uploads\/2020\/09\/pavimentacion-768x475.jpg 768w, https:\/\/impertech.com.ar\/wp-content\/uploads\/2020\/09\/pavimentacion-555x343.jpg 555w, https:\/\/impertech.com.ar\/wp-content\/uploads\/2020\/09\/pavimentacion-600x371.jpg 600w, https:\/\/impertech.com.ar\/wp-content\/uploads\/2020\/09\/pavimentacion.jpg 1280w\" sizes=\"auto, (max-width: 300px) 100vw, 300px\" \/><\/a>\n\t\t\t<\/div><\/figure><figure class='gallery-item'>\n\t\t\t<div class='gallery-icon landscape'>\n\t\t\t\t<a href='https:\/\/impertech.com.ar\/index.php\/construcciones\/thumbnail_bacheo-1-1170x763\/'><img loading=\"lazy\" decoding=\"async\" width=\"300\" height=\"196\" src=\"https:\/\/impertech.com.ar\/wp-content\/uploads\/2020\/09\/thumbnail_Bacheo-1-1170x763-1-300x196.jpg\" class=\"attachment-medium size-medium\" alt=\"\" srcset=\"https:\/\/impertech.com.ar\/wp-content\/uploads\/2020\/09\/thumbnail_Bacheo-1-1170x763-1-300x196.jpg 300w, https:\/\/impertech.com.ar\/wp-content\/uploads\/2020\/09\/thumbnail_Bacheo-1-1170x763-1-1024x668.jpg 1024w, https:\/\/impertech.com.ar\/wp-content\/uploads\/2020\/09\/thumbnail_Bacheo-1-1170x763-1-768x501.jpg 768w, https:\/\/impertech.com.ar\/wp-content\/uploads\/2020\/09\/thumbnail_Bacheo-1-1170x763-1-555x362.jpg 555w, https:\/\/impertech.com.ar\/wp-content\/uploads\/2020\/09\/thumbnail_Bacheo-1-1170x763-1-600x391.jpg 600w, https:\/\/impertech.com.ar\/wp-content\/uploads\/2020\/09\/thumbnail_Bacheo-1-1170x763-1.jpg 1170w\" sizes=\"auto, (max-width: 300px) 100vw, 300px\" \/><\/a>\n\t\t\t<\/div><\/figure><figure class='gallery-item'>\n\t\t\t<div class='gallery-icon landscape'>\n\t\t\t\t<a href='https:\/\/impertech.com.ar\/index.php\/construcciones\/llamosas-1170x659\/'><img loading=\"lazy\" decoding=\"async\" width=\"300\" height=\"169\" src=\"https:\/\/impertech.com.ar\/wp-content\/uploads\/2020\/09\/llamosas-1170x659-1-300x169.jpg\" class=\"attachment-medium size-medium\" alt=\"\" srcset=\"https:\/\/impertech.com.ar\/wp-content\/uploads\/2020\/09\/llamosas-1170x659-1-300x169.jpg 300w, https:\/\/impertech.com.ar\/wp-content\/uploads\/2020\/09\/llamosas-1170x659-1-1024x577.jpg 1024w, https:\/\/impertech.com.ar\/wp-content\/uploads\/2020\/09\/llamosas-1170x659-1-768x433.jpg 768w, https:\/\/impertech.com.ar\/wp-content\/uploads\/2020\/09\/llamosas-1170x659-1-848x480.jpg 848w, https:\/\/impertech.com.ar\/wp-content\/uploads\/2020\/09\/llamosas-1170x659-1-555x313.jpg 555w, https:\/\/impertech.com.ar\/wp-content\/uploads\/2020\/09\/llamosas-1170x659-1-600x338.jpg 600w, https:\/\/impertech.com.ar\/wp-content\/uploads\/2020\/09\/llamosas-1170x659-1.jpg 1170w\" sizes=\"auto, (max-width: 300px) 100vw, 300px\" \/><\/a>\n\t\t\t<\/div><\/figure><figure class='gallery-item'>\n\t\t\t<div class='gallery-icon landscape'>\n\t\t\t\t<a href='https:\/\/impertech.com.ar\/index.php\/construcciones\/5b28e4d8698c8_907_510\/'><img loading=\"lazy\" decoding=\"async\" width=\"300\" height=\"169\" src=\"https:\/\/impertech.com.ar\/wp-content\/uploads\/2020\/09\/5b28e4d8698c8_907_510-300x169.jpg\" class=\"attachment-medium size-medium\" alt=\"\" srcset=\"https:\/\/impertech.com.ar\/wp-content\/uploads\/2020\/09\/5b28e4d8698c8_907_510-300x169.jpg 300w, https:\/\/impertech.com.ar\/wp-content\/uploads\/2020\/09\/5b28e4d8698c8_907_510-768x432.jpg 768w, https:\/\/impertech.com.ar\/wp-content\/uploads\/2020\/09\/5b28e4d8698c8_907_510-848x480.jpg 848w, https:\/\/impertech.com.ar\/wp-content\/uploads\/2020\/09\/5b28e4d8698c8_907_510-555x312.jpg 555w, https:\/\/impertech.com.ar\/wp-content\/uploads\/2020\/09\/5b28e4d8698c8_907_510-600x337.jpg 600w, https:\/\/impertech.com.ar\/wp-content\/uploads\/2020\/09\/5b28e4d8698c8_907_510.jpg 907w\" sizes=\"auto, (max-width: 300px) 100vw, 300px\" \/><\/a>\n\t\t\t<\/div><\/figure><figure class='gallery-item'>\n\t\t\t<div class='gallery-icon landscape'>\n\t\t\t\t<a href='https:\/\/impertech.com.ar\/index.php\/construcciones\/1506044319_pavimentaci1\/'><img loading=\"lazy\" decoding=\"async\" width=\"300\" height=\"169\" src=\"https:\/\/impertech.com.ar\/wp-content\/uploads\/2020\/09\/1506044319_Pavimentaci1-300x169.jpg\" class=\"attachment-medium size-medium\" alt=\"\" srcset=\"https:\/\/impertech.com.ar\/wp-content\/uploads\/2020\/09\/1506044319_Pavimentaci1-300x169.jpg 300w, https:\/\/impertech.com.ar\/wp-content\/uploads\/2020\/09\/1506044319_Pavimentaci1-768x432.jpg 768w, https:\/\/impertech.com.ar\/wp-content\/uploads\/2020\/09\/1506044319_Pavimentaci1-555x312.jpg 555w, https:\/\/impertech.com.ar\/wp-content\/uploads\/2020\/09\/1506044319_Pavimentaci1-600x338.jpg 600w, https:\/\/impertech.com.ar\/wp-content\/uploads\/2020\/09\/1506044319_Pavimentaci1.jpg 800w\" sizes=\"auto, (max-width: 300px) 100vw, 300px\" \/><\/a>\n\t\t\t<\/div><\/figure><figure class='gallery-item'>\n\t\t\t<div class='gallery-icon landscape'>\n\t\t\t\t<a href='https:\/\/impertech.com.ar\/index.php\/construcciones\/rutas\/'><img loading=\"lazy\" decoding=\"async\" width=\"300\" height=\"133\" src=\"https:\/\/impertech.com.ar\/wp-content\/uploads\/2020\/09\/RUTAS-300x133.jpg\" class=\"attachment-medium size-medium\" alt=\"\" srcset=\"https:\/\/impertech.com.ar\/wp-content\/uploads\/2020\/09\/RUTAS-300x133.jpg 300w, https:\/\/impertech.com.ar\/wp-content\/uploads\/2020\/09\/RUTAS-768x341.jpg 768w, https:\/\/impertech.com.ar\/wp-content\/uploads\/2020\/09\/RUTAS-555x246.jpg 555w, https:\/\/impertech.com.ar\/wp-content\/uploads\/2020\/09\/RUTAS-600x266.jpg 600w, https:\/\/impertech.com.ar\/wp-content\/uploads\/2020\/09\/RUTAS.jpg 960w\" sizes=\"auto, (max-width: 300px) 100vw, 300px\" \/><\/a>\n\t\t\t<\/div><\/figure><figure class='gallery-item'>\n\t\t\t<div class='gallery-icon landscape'>\n\t\t\t\t<a href='https:\/\/impertech.com.ar\/index.php\/construcciones\/unnamed-2\/'><img loading=\"lazy\" decoding=\"async\" width=\"300\" height=\"234\" src=\"https:\/\/impertech.com.ar\/wp-content\/uploads\/2020\/09\/unnamed-e1603223027774-300x234.jpg\" class=\"attachment-medium size-medium\" alt=\"\" srcset=\"https:\/\/impertech.com.ar\/wp-content\/uploads\/2020\/09\/unnamed-e1603223027774-300x234.jpg 300w, https:\/\/impertech.com.ar\/wp-content\/uploads\/2020\/09\/unnamed-e1603223027774.jpg 510w\" sizes=\"auto, (max-width: 300px) 100vw, 300px\" \/><\/a>\n\t\t\t<\/div><\/figure>\n\t\t<\/div>\n<\/div><\/div><\/div><\/div>","protected":false},"excerpt":{"rendered":"Venta y provisi\u00f3n para OBRAS P\u00daBLICAS: destinado a municipios de la provincia de C\u00f3rdoba, provincias del resto del pa\u00eds, como tambi\u00e9n para empresas o comitentes privados","protected":false},"author":1,"featured_media":0,"parent":0,"menu_order":0,"comment_status":"closed","ping_status":"closed","template":"","meta":{"spay_email":"","footnotes":""},"class_list":["post-2318","page","type-page","status-publish","hentry"],"_links":{"self":[{"href":"https:\/\/impertech.com.ar\/index.php\/wp-json\/wp\/v2\/pages\/2318","targetHints":{"allow":["GET"]}}],"collection":[{"href":"https:\/\/impertech.com.ar\/index.php\/wp-json\/wp\/v2\/pages"}],"about":[{"href":"https:\/\/impertech.com.ar\/index.php\/wp-json\/wp\/v2\/types\/page"}],"author":[{"embeddable":true,"href":"https:\/\/impertech.com.ar\/index.php\/wp-json\/wp\/v2\/users\/1"}],"replies":[{"embeddable":true,"href":"https:\/\/impertech.com.ar\/index.php\/wp-json\/wp\/v2\/comments?post=2318"}],"version-history":[{"count":8,"href":"https:\/\/impertech.com.ar\/index.php\/wp-json\/wp\/v2\/pages\/2318\/revisions"}],"predecessor-version":[{"id":3136,"href":"https:\/\/impertech.com.ar\/index.php\/wp-json\/wp\/v2\/pages\/2318\/revisions\/3136"}],"wp:attachment":[{"href":"https:\/\/impertech.com.ar\/index.php\/wp-json\/wp\/v2\/media?parent=2318"}],"curies":[{"name":"wp","href":"https:\/\/api.w.org\/{rel}","templated":true}]}}